{"id":5307,"date":"2020-10-22T11:45:14","date_gmt":"2020-10-22T09:45:14","guid":{"rendered":"https:\/\/gedenkstaette-vaihingen.de\/block-test\/"},"modified":"2026-04-28T18:23:58","modified_gmt":"2026-04-28T16:23:58","slug":"block-test","status":"publish","type":"page","link":"https:\/\/gedenkstaette-vaihingen.de\/pl\/","title":{"rendered":"KZ-Gedenkst\u00e4tte Vaihingen\/Enz"},"content":{"rendered":"\n<div class=\"wp-block-group is-content-justification-right is-nowrap is-layout-flex wp-container-core-group-is-layout-17124a9a wp-block-group-is-layout-flex\">\n<figure class=\"wp-block-image size-full is-resized\"><img loading=\"lazy\" decoding=\"async\" width=\"652\" height=\"586\" src=\"https:\/\/gedenkstaette-vaihingen.de\/wp-content\/uploads\/2024\/05\/Logo_KZ_Gedenkstaette.png\" alt=\"\" class=\"wp-image-6605\" style=\"width:auto;height:125px\" srcset=\"https:\/\/gedenkstaette-vaihingen.de\/wp-content\/uploads\/2024\/05\/Logo_KZ_Gedenkstaette.png 652w, https:\/\/gedenkstaette-vaihingen.de\/wp-content\/uploads\/2024\/05\/Logo_KZ_Gedenkstaette-480x431.png 480w\" sizes=\"auto, (max-width: 652px) 100vw, 652px\" \/><\/figure>\n\n\n\n<figure class=\"wp-block-image alignright size-full is-resized\"><img loading=\"lazy\" decoding=\"async\" width=\"129\" height=\"117\" src=\"https:\/\/gedenkstaette-vaihingen.de\/wp-content\/uploads\/2022\/05\/cropped-logo.jpg\" alt=\"\" class=\"wp-image-2643\" style=\"width:138px;height:125px\"\/><\/figure>\n<\/div>\n\n<h2 class=\"wp-block-heading\">Herzlich willkommen auf der Website der KZ-Gedenkst\u00e4tte Vaihingen\/Enz!<br\/><br\/><\/h2>\n\n<h3 class=\"wp-block-heading\">Terminank\u00fcndigung: <br\/>Donnerstag, 7. Mai 2026 &#8211; Vortrag zum KZ-Unterriexingen im Seminarraum<\/h3>\n\n<div class=\"wp-block-columns is-layout-flex wp-container-core-columns-is-layout-28f84493 wp-block-columns-is-layout-flex\">\n<div class=\"wp-block-column is-layout-flow wp-block-column-is-layout-flow\">\n<p>Die KZ-Gedenkst\u00e4tte Vaihingen\/Enz e.V. l\u00e4dt<br\/><br\/><strong>am Donnerstag, den 7. Mai 2026 um 19 Uhr<\/strong><br\/><br\/>im Seminarraum der Gedenkst\u00e4tte zum Vortrag <strong>\u201eDas KZ-Unterriexingen\u201c<\/strong> von Hans Bader vom B\u00fcrgerforum Unterriexingen mit anschlie\u00dfender Aussprache ein. \u00a0Die interessierte Bev\u00f6lkerung ist herzlich willkommen. Der Eintritt ist frei, um eine Spende wird gebeten.<br\/>Wir bitten um Anmeldung unter: <a href=\"mailto:info@gedenkstaette-vaihingen.de\">info@gedenkstaette-vaihingen.de<\/a>\u00a0\u00a0<br\/><br\/>Gute Informationen zur Thematik und Interviewausschnitte, in denen der \u00dcberlebende der KZ-Vaihingen\/Enz und Unterriexingen Izhak Akerman  \u00fcber seine Odyssee als KZ-H\u00e4ftling spricht, finden Sie <a href=\"https:\/\/www.agd-markgroeningen.de\/?page_id=46119\" data-type=\"link\" data-id=\"https:\/\/www.agd-markgroeningen.de\/?page_id=46119\" target=\"_blank\" rel=\"noreferrer noopener\">hier<\/a>.<br\/><br\/><br\/><\/p>\n<\/div>\n<\/div>\n\n<p>zuletzt aktualisiert <strong>am 28.04.2026 <\/strong>im Mitarbeiterbereich<\/p>\n\n<div class=\"wp-block-group alignwide is-layout-flow wp-block-group-is-layout-flow\">\n<h3 class=\"wp-block-heading\">Aktuelles<\/h3>\n<\/div>\n\n<div class=\"wp-block-query alignwide is-layout-flow wp-block-query-is-layout-flow\">\n\n<div class=\"wp-block-query-no-results\">\n\n<p><\/p>\n\n<\/div><\/div>\n\n<div class=\"wp-block-buttons alignwide is-layout-flex wp-block-buttons-is-layout-flex\">\n<div class=\"wp-block-button\"><a class=\"wp-block-button__link wp-element-button\" href=\"https:\/\/gedenkstaette-vaihingen.de\/aktuelles\/\">Alle Beitr\u00e4ge<\/a><\/div>\n<\/div>\n\n<div class=\"wp-block-cover alignfull\" style=\"min-height:575px;aspect-ratio:unset;\"><img loading=\"lazy\" decoding=\"async\" width=\"1160\" height=\"420\" class=\"wp-block-cover__image-background wp-image-2802\" alt=\"\" src=\"https:\/\/gedenkstaette-vaihingen.de\/wp-content\/uploads\/2022\/05\/1.jpg\" data-object-fit=\"cover\" srcset=\"https:\/\/gedenkstaette-vaihingen.de\/wp-content\/uploads\/2022\/05\/1.jpg 1160w, https:\/\/gedenkstaette-vaihingen.de\/wp-content\/uploads\/2022\/05\/1-480x174.jpg 480w, https:\/\/gedenkstaette-vaihingen.de\/wp-content\/uploads\/2022\/05\/1-768x278.jpg 768w\" sizes=\"auto, (max-width: 1160px) 100vw, 1160px\" \/><span aria-hidden=\"true\" class=\"wp-block-cover__background has-black-background-color has-background-dim-20 has-background-dim\"><\/span><div class=\"wp-block-cover__inner-container is-layout-flow wp-block-cover-is-layout-flow\">\n<p class=\"has-text-align-center has-white-color has-text-color has-large-font-size\"><mark style=\"background-color:rgba(0, 0, 0, 0)\" class=\"has-inline-color has-white-color\">Bei Fragen k\u00f6nnen Sie<br\/>sich bei uns melden<\/mark><\/p>\n\n\n\n<div class=\"wp-block-buttons is-horizontal is-content-justification-center is-layout-flex wp-container-core-buttons-is-layout-03627597 wp-block-buttons-is-layout-flex\">\n<div class=\"wp-block-button is-style-fill\"><a class=\"wp-block-button__link wp-element-button\" href=\"https:\/\/gedenkstaette-vaihingen.de\/kontakt\/\">Fragen?<\/a><\/div>\n<\/div>\n<\/div><\/div>\n\n<div class=\"wp-block-media-text alignwide has-media-on-the-right is-stacked-on-mobile is-image-fill-element\"><div class=\"wp-block-media-text__content\">\n<h3 class=\"wp-block-heading\">Die <strong>KZ-Gedenkst\u00e4tte Vaihingen\/Enz e.V.<\/strong><\/h3>\n\n\n\n<p class=\"has-large-font-size\">hat es sich zur Aufgabe gemacht, die Opfer zu ehren, gegen Vorurteile, Ignoranz, Radikalismus und Fanatismus zu arbeiten und die Kontakte zu \u00dcberlebenden und ihren Nachkommen aufrecht zu erhalten.<\/p>\n\n\n\n<p class=\"has-large-font-size\">In Gedenkfeiern und durch weitere Aktivit\u00e4ten versucht sie, die Ereignisse im Glattbachtal im Bewusstsein der \u00d6ffentlichkeit zu halten. Mit dieser Internetpr\u00e4senz informiert sie \u00fcber die Geschehnisse und leistet somit einen wichtigen Beitrag zur Aufarbeitung der Regionalgeschichte im Landkreis Ludwigsburg.<\/p>\n<\/div><figure class=\"wp-block-media-text__media\"><img loading=\"lazy\" decoding=\"async\" width=\"600\" height=\"400\" src=\"https:\/\/gedenkstaette-vaihingen.de\/wp-content\/uploads\/2022\/08\/Angebote2_Medieninstallation_LKZ_27.01.05-2.jpg\" alt=\"\" class=\"wp-image-4193 size-full\" style=\"object-position:50% 50%\" srcset=\"https:\/\/gedenkstaette-vaihingen.de\/wp-content\/uploads\/2022\/08\/Angebote2_Medieninstallation_LKZ_27.01.05-2.jpg 600w, https:\/\/gedenkstaette-vaihingen.de\/wp-content\/uploads\/2022\/08\/Angebote2_Medieninstallation_LKZ_27.01.05-2-480x320.jpg 480w\" sizes=\"auto, (max-width: 600px) 100vw, 600px\" \/><\/figure><\/div>\n\n<div class=\"wp-block-media-text alignwide is-stacked-on-mobile is-image-fill-element\"><figure class=\"wp-block-media-text__media\"><img loading=\"lazy\" decoding=\"async\" width=\"1200\" height=\"864\" src=\"https:\/\/gedenkstaette-vaihingen.de\/wp-content\/uploads\/2022\/05\/77-1200x864.jpg\" alt=\"\" class=\"wp-image-2878 size-full\" style=\"object-position:50% 50%\" srcset=\"https:\/\/gedenkstaette-vaihingen.de\/wp-content\/uploads\/2022\/05\/77-1200x864.jpg 1200w, https:\/\/gedenkstaette-vaihingen.de\/wp-content\/uploads\/2022\/05\/77-480x346.jpg 480w, https:\/\/gedenkstaette-vaihingen.de\/wp-content\/uploads\/2022\/05\/77-768x553.jpg 768w, https:\/\/gedenkstaette-vaihingen.de\/wp-content\/uploads\/2022\/05\/77-1536x1106.jpg 1536w, https:\/\/gedenkstaette-vaihingen.de\/wp-content\/uploads\/2022\/05\/77-2048x1475.jpg 2048w, https:\/\/gedenkstaette-vaihingen.de\/wp-content\/uploads\/2022\/05\/77-1777x1280.jpg 1777w\" sizes=\"auto, (max-width: 1200px) 100vw, 1200px\" \/><\/figure><div class=\"wp-block-media-text__content\">\n<h3 class=\"wp-block-heading\">Im <strong>Konzentrationslager Vaihingen\/Enz<\/strong><\/h3>\n\n\n\n<p class=\"has-large-font-size\">wurden zwischen August 1944 und April 1945 etwa 1700 Menschen durch unmenschliche, erniedrigende und schreckliche Arbeits- und Lebensbedingungen Opfer des nationalsozialistischen Terrorregimes.<\/p>\n\n\n\n<p class=\"has-large-font-size\">Zun\u00e4chst als Arbeits-, dann als Krankenlager organisatorisch dem Konzentrationslagers Natzweiler im Elsass unterstellt wurden dort etwa 5000 H\u00e4ftlinge aus \u00fcber 20 Nationen ganz Europas inhaftiert und der \u201eVernichtung durch Arbeit\u201c ausgesetzt bzw. ihren schwersten Krankheiten und der mangelhaften Hygiene und v\u00f6llig unzureichenden Versorgung \u00fcberlassen.<\/p>\n<\/div><\/div>\n","protected":false},"excerpt":{"rendered":"<p>Herzlich willkommen auf der Website der KZ-Gedenkst\u00e4tte Vaihingen\/Enz! Terminank\u00fcndigung: Donnerstag, 7. Mai 2026 &#8211; Vortrag zum KZ-Unterriexingen im Seminarraum Die KZ-Gedenkst\u00e4tte Vaihingen\/Enz e.V. l\u00e4dt am Donnerstag, den 7. Mai 2026 um 19 Uhr im Seminarraum&hellip;<\/p>\n","protected":false},"author":1,"featured_media":3422,"parent":0,"menu_order":0,"comment_status":"closed","ping_status":"closed","template":"template-hero.php","meta":{"_acf_changed":false,"footnotes":""},"class_list":["post-5307","page","type-page","status-publish","has-post-thumbnail","hentry"],"acf":[],"_links":{"self":[{"href":"https:\/\/gedenkstaette-vaihingen.de\/pl\/wp-json\/wp\/v2\/pages\/5307","targetHints":{"allow":["GET"]}}],"collection":[{"href":"https:\/\/gedenkstaette-vaihingen.de\/pl\/wp-json\/wp\/v2\/pages"}],"about":[{"href":"https:\/\/gedenkstaette-vaihingen.de\/pl\/wp-json\/wp\/v2\/types\/page"}],"author":[{"embeddable":true,"href":"https:\/\/gedenkstaette-vaihingen.de\/pl\/wp-json\/wp\/v2\/users\/1"}],"replies":[{"embeddable":true,"href":"https:\/\/gedenkstaette-vaihingen.de\/pl\/wp-json\/wp\/v2\/comments?post=5307"}],"version-history":[{"count":411,"href":"https:\/\/gedenkstaette-vaihingen.de\/pl\/wp-json\/wp\/v2\/pages\/5307\/revisions"}],"predecessor-version":[{"id":8551,"href":"https:\/\/gedenkstaette-vaihingen.de\/pl\/wp-json\/wp\/v2\/pages\/5307\/revisions\/8551"}],"wp:featuredmedia":[{"embeddable":true,"href":"https:\/\/gedenkstaette-vaihingen.de\/pl\/wp-json\/wp\/v2\/media\/3422"}],"wp:attachment":[{"href":"https:\/\/gedenkstaette-vaihingen.de\/pl\/wp-json\/wp\/v2\/media?parent=5307"}],"curies":[{"name":"wp","href":"https:\/\/api.w.org\/{rel}","templated":true}]}}

KZ-Gedenkstätte Vaihingen/Enz

<div class="wp-block-group is-content-justification-right is-nowrap is-layout-flex wp-container-core-group-is-layout-17124a9a wp-block-group-is-layout-flex">
<figure class="wp-block-image size-full is-resized"><img loading="lazy" decoding="async" width="652" height="586" src="https://gedenkstaette-vaihingen.de/wp-content/uploads/2024/05/Logo_KZ_Gedenkstaette.png" alt="" class="wp-image-6605" style="width:auto;height:125px" srcset="https://gedenkstaette-vaihingen.de/wp-content/uploads/2024/05/Logo_KZ_Gedenkstaette.png 652w, https://gedenkstaette-vaihingen.de/wp-content/uploads/2024/05/Logo_KZ_Gedenkstaette-480x431.png 480w" sizes="auto, (max-width: 652px) 100vw, 652px" /></figure>



<figure class="wp-block-image alignright size-full is-resized"><img loading="lazy" decoding="async" width="129" height="117" src="https://gedenkstaette-vaihingen.de/wp-content/uploads/2022/05/cropped-logo.jpg" alt="" class="wp-image-2643" style="width:138px;height:125px"/></figure>
</div>

<h2 class="wp-block-heading">Herzlich willkommen auf der Website der KZ-Gedenkstätte Vaihingen/Enz!<br/><br/></h2>

<h3 class="wp-block-heading">Terminankündigung: <br/>Donnerstag, 7. Mai 2026 &#8211; Vortrag zum KZ-Unterriexingen im Seminarraum</h3>

<div class="wp-block-columns is-layout-flex wp-container-core-columns-is-layout-28f84493 wp-block-columns-is-layout-flex">
<div class="wp-block-column is-layout-flow wp-block-column-is-layout-flow">
<p>Die KZ-Gedenkstätte Vaihingen/Enz e.V. lädt<br/><br/><strong>am Donnerstag, den 7. Mai 2026 um 19 Uhr</strong><br/><br/>im Seminarraum der Gedenkstätte zum Vortrag <strong>„Das KZ-Unterriexingen“</strong> von Hans Bader vom Bürgerforum Unterriexingen mit anschließender Aussprache ein.  Die interessierte Bevölkerung ist herzlich willkommen. Der Eintritt ist frei, um eine Spende wird gebeten.<br/>Wir bitten um Anmeldung unter: <a href="mailto:info@gedenkstaette-vaihingen.de">info@gedenkstaette-vaihingen.de</a>  <br/><br/>Gute Informationen zur Thematik und Interviewausschnitte, in denen der Überlebende der KZ-Vaihingen/Enz und Unterriexingen Izhak Akerman  über seine Odyssee als KZ-Häftling spricht, finden Sie <a href="https://www.agd-markgroeningen.de/?page_id=46119" data-type="link" data-id="https://www.agd-markgroeningen.de/?page_id=46119" target="_blank" rel="noreferrer noopener">hier</a>.<br/><br/><br/></p>
</div>
</div>

<p>zuletzt aktualisiert <strong>am 28.04.2026 </strong>im Mitarbeiterbereich</p>

<div class="wp-block-group alignwide is-layout-flow wp-block-group-is-layout-flow">
<h3 class="wp-block-heading">Aktuelles</h3>
</div>

<div class="wp-block-query alignwide is-layout-flow wp-block-query-is-layout-flow">

<div class="wp-block-query-no-results">

<p></p>

</div></div>

<div class="wp-block-buttons alignwide is-layout-flex wp-block-buttons-is-layout-flex">
<div class="wp-block-button"><a class="wp-block-button__link wp-element-button" href="https://gedenkstaette-vaihingen.de/aktuelles/">Alle Beiträge</a></div>
</div>

<div class="wp-block-cover alignfull" style="min-height:575px;aspect-ratio:unset;"><img loading="lazy" decoding="async" width="1160" height="420" class="wp-block-cover__image-background wp-image-2802" alt="" src="https://gedenkstaette-vaihingen.de/wp-content/uploads/2022/05/1.jpg" data-object-fit="cover" srcset="https://gedenkstaette-vaihingen.de/wp-content/uploads/2022/05/1.jpg 1160w, https://gedenkstaette-vaihingen.de/wp-content/uploads/2022/05/1-480x174.jpg 480w, https://gedenkstaette-vaihingen.de/wp-content/uploads/2022/05/1-768x278.jpg 768w" sizes="auto, (max-width: 1160px) 100vw, 1160px" /><span aria-hidden="true" class="wp-block-cover__background has-black-background-color has-background-dim-20 has-background-dim"></span><div class="wp-block-cover__inner-container is-layout-flow wp-block-cover-is-layout-flow">
<p class="has-text-align-center has-white-color has-text-color has-large-font-size"><mark style="background-color:rgba(0, 0, 0, 0)" class="has-inline-color has-white-color">Bei Fragen können Sie<br/>sich bei uns melden</mark></p>



<div class="wp-block-buttons is-horizontal is-content-justification-center is-layout-flex wp-container-core-buttons-is-layout-03627597 wp-block-buttons-is-layout-flex">
<div class="wp-block-button is-style-fill"><a class="wp-block-button__link wp-element-button" href="https://gedenkstaette-vaihingen.de/kontakt/">Fragen?</a></div>
</div>
</div></div>

<div class="wp-block-media-text alignwide has-media-on-the-right is-stacked-on-mobile is-image-fill-element"><div class="wp-block-media-text__content">
<h3 class="wp-block-heading">Die <strong>KZ-Gedenkstätte Vaihingen/Enz e.V.</strong></h3>



<p class="has-large-font-size">hat es sich zur Aufgabe gemacht, die Opfer zu ehren, gegen Vorurteile, Ignoranz, Radikalismus und Fanatismus zu arbeiten und die Kontakte zu Überlebenden und ihren Nachkommen aufrecht zu erhalten.</p>



<p class="has-large-font-size">In Gedenkfeiern und durch weitere Aktivitäten versucht sie, die Ereignisse im Glattbachtal im Bewusstsein der Öffentlichkeit zu halten. Mit dieser Internetpräsenz informiert sie über die Geschehnisse und leistet somit einen wichtigen Beitrag zur Aufarbeitung der Regionalgeschichte im Landkreis Ludwigsburg.</p>
</div><figure class="wp-block-media-text__media"><img loading="lazy" decoding="async" width="600" height="400" src="https://gedenkstaette-vaihingen.de/wp-content/uploads/2022/08/Angebote2_Medieninstallation_LKZ_27.01.05-2.jpg" alt="" class="wp-image-4193 size-full" style="object-position:50% 50%" srcset="https://gedenkstaette-vaihingen.de/wp-content/uploads/2022/08/Angebote2_Medieninstallation_LKZ_27.01.05-2.jpg 600w, https://gedenkstaette-vaihingen.de/wp-content/uploads/2022/08/Angebote2_Medieninstallation_LKZ_27.01.05-2-480x320.jpg 480w" sizes="auto, (max-width: 600px) 100vw, 600px" /></figure></div>

<div class="wp-block-media-text alignwide is-stacked-on-mobile is-image-fill-element"><figure class="wp-block-media-text__media"><img loading="lazy" decoding="async" width="1200" height="864" src="https://gedenkstaette-vaihingen.de/wp-content/uploads/2022/05/77-1200x864.jpg" alt="" class="wp-image-2878 size-full" style="object-position:50% 50%" srcset="https://gedenkstaette-vaihingen.de/wp-content/uploads/2022/05/77-1200x864.jpg 1200w, https://gedenkstaette-vaihingen.de/wp-content/uploads/2022/05/77-480x346.jpg 480w, https://gedenkstaette-vaihingen.de/wp-content/uploads/2022/05/77-768x553.jpg 768w, https://gedenkstaette-vaihingen.de/wp-content/uploads/2022/05/77-1536x1106.jpg 1536w, https://gedenkstaette-vaihingen.de/wp-content/uploads/2022/05/77-2048x1475.jpg 2048w, https://gedenkstaette-vaihingen.de/wp-content/uploads/2022/05/77-1777x1280.jpg 1777w" sizes="auto, (max-width: 1200px) 100vw, 1200px" /></figure><div class="wp-block-media-text__content">
<h3 class="wp-block-heading">Im <strong>Konzentrationslager Vaihingen/Enz</strong></h3>



<p class="has-large-font-size">wurden zwischen August 1944 und April 1945 etwa 1700 Menschen durch unmenschliche, erniedrigende und schreckliche Arbeits- und Lebensbedingungen Opfer des nationalsozialistischen Terrorregimes.</p>



<p class="has-large-font-size">Zunächst als Arbeits-, dann als Krankenlager organisatorisch dem Konzentrationslagers Natzweiler im Elsass unterstellt wurden dort etwa 5000 Häftlinge aus über 20 Nationen ganz Europas inhaftiert und der „Vernichtung durch Arbeit“ ausgesetzt bzw. ihren schwersten Krankheiten und der mangelhaften Hygiene und völlig unzureichenden Versorgung überlassen.</p>
</div></div>

<p>Herzlich willkommen auf der Website der KZ-Gedenkstätte Vaihingen/Enz! Terminankündigung: Donnerstag, 7. Mai 2026 &#8211; Vortrag zum KZ-Unterriexingen im Seminarraum Die KZ-Gedenkstätte Vaihingen/Enz e.V. lädt am Donnerstag, den 7. Mai 2026 um 19 Uhr im Seminarraum&hellip;</p>
