{"id":5306,"date":"2020-10-22T11:45:14","date_gmt":"2020-10-22T09:45:14","guid":{"rendered":"https:\/\/gedenkstaette-vaihingen.de\/block-test\/"},"modified":"2026-09-01T19:48:20","modified_gmt":"2026-09-01T17:48:20","slug":"block-test","status":"publish","type":"page","link":"https:\/\/gedenkstaette-vaihingen.de\/fr\/","title":{"rendered":"KZ-Gedenkst\u00e4tte Vaihingen\/Enz"},"content":{"rendered":"\n<div class=\"wp-block-group is-content-justification-right is-nowrap is-layout-flex wp-container-core-group-is-layout-f726d978 wp-block-group-is-layout-flex\">\n<figure class=\"wp-block-image size-full is-resized\"><img loading=\"lazy\" decoding=\"async\" width=\"652\" height=\"586\" src=\"https:\/\/gedenkstaette-vaihingen.de\/wp-content\/uploads\/2024\/05\/Logo_KZ_Gedenkstaette.png\" alt=\"\" class=\"wp-image-6605\" style=\"width:auto;height:125px\" srcset=\"https:\/\/gedenkstaette-vaihingen.de\/wp-content\/uploads\/2024\/05\/Logo_KZ_Gedenkstaette.png 652w, https:\/\/gedenkstaette-vaihingen.de\/wp-content\/uploads\/2024\/05\/Logo_KZ_Gedenkstaette-480x431.png 480w\" sizes=\"auto, (max-width: 652px) 100vw, 652px\" \/><\/figure>\n\n\n\n<figure class=\"wp-block-image alignright size-full is-resized\"><img loading=\"lazy\" decoding=\"async\" width=\"129\" height=\"117\" src=\"https:\/\/gedenkstaette-vaihingen.de\/wp-content\/uploads\/2022\/05\/cropped-logo.jpg\" alt=\"\" class=\"wp-image-2643\" style=\"width:138px;height:125px\"\/><\/figure>\n<\/div>\n\n<h2 class=\"wp-block-heading\">Herzlich willkommen auf der Website der KZ-Gedenkst\u00e4tte Vaihingen\/Enz!<br\/><br\/><\/h2>\n\n<h3 class=\"wp-block-heading\">Familie Mikucki \u2013 drei Generationen besuchen Gedenkst\u00e4tte, um Antoni Mikucki zu gedenken<br\/><\/h3>\n\n<p class=\"wp-block-paragraph\">Zu einem Familientreffen der besonderen Art kam es am vorletzten Augustwochenende, als sich Familienmitglieder der Familie Mikucki aus drei L\u00e4ndern und drei Generationen trafen, einzig um ihrem verstorbenen Familienangeh\u00f6rigen Antoni Mikucki auf dem KZ-Ehrenfriedhof zu gedenken und insbesondere den j\u00fcngsten Mitgliedern, seinen Urenkelinnen, sein trauriges Schicksal vor Augen zu f\u00fchren. Im Einzelnen reisten Antonis Sohn Roman, dessen S\u00f6hne Maciej und Marcin sowie deren T\u00f6chter Barbara, Julia, Karolina and Natalia aus England, den Niederlanden und Polen an.<\/p>\n\n<div class=\"wp-block-columns is-layout-flex wp-container-core-columns-is-layout-7387b849 wp-block-columns-is-layout-flex\">\n<div class=\"wp-block-column is-layout-flow wp-block-column-is-layout-flow\" style=\"flex-basis:33.33%\">\n<figure class=\"wp-block-image size-full\"><img loading=\"lazy\" decoding=\"async\" width=\"472\" height=\"614\" src=\"https:\/\/gedenkstaette-vaihingen.de\/wp-content\/uploads\/2026\/08\/5.jpg\" alt=\"\" class=\"wp-image-9315\" srcset=\"https:\/\/gedenkstaette-vaihingen.de\/wp-content\/uploads\/2026\/08\/5.jpg 472w, https:\/\/gedenkstaette-vaihingen.de\/wp-content\/uploads\/2026\/08\/5-369x480.jpg 369w\" sizes=\"auto, (max-width: 472px) 100vw, 472px\" \/><figcaption class=\"wp-element-caption\">Antoni Mikucki (*1915 in Iwieniec-\u202027.2.1945 im KZ-Vaihingen\/Enz)<\/figcaption><\/figure>\n<\/div>\n\n\n\n<div class=\"wp-block-column is-layout-flow wp-block-column-is-layout-flow\" style=\"flex-basis:66.66%\">\n<p class=\"wp-block-paragraph\">Antoni Mikucki wurde am 22. September 1915 in Iwieniec, heute in Wei\u00dfrussland gelegen, geboren. Er stammte aus einer Mittelklassefamilie und hatte zwei Schwestern. Von Beruf war er Schreiner und in den 1930er Jahren zog seine Familie nach Warschau. Nach seinem Wehrdienst zwischen 1936 und 1938 heiratete er am 26. Dezember 1941 seine Frau Wanda. Das Paar bekam zwei S\u00f6hne \u2013 Tomasz (*1941) und Roman (*1944). Er ging in den Widerstand gegen die Nazi-Besatzer und k\u00e4mpfte im Warschauer Aufstand gegen sie. Am 8. August 1944 wurde er festgenommen und kam \u00fcber die KZ-Lager Auschwitz, Natzweiler (H\u00e4ftlingsnummer 32607) und Dautmergen am 20. November 1944 ins Lager nach Vaihingen\/Enz. Dort starb er am 27. Februar 1945 etwa 40 Tage vor der Befreiung des Lagers, wahrscheinlich an Typhus. Er wurde nicht einmal 30 Jahre alt.<br\/><br\/>Bei der Begr\u00fc\u00dfung und der Erkl\u00e4rung der Geschehnisse im Glattbachtal zwischen August 1944 und April 1945 konnten viele Informationen weitergegeben werden, so dass die j\u00fcngeren Generationen die Umst\u00e4nde von Antonis Lebensende jetzt besser nachvollziehen k\u00f6nnen.<br\/><br\/>Lesen Sie <a href=\"https:\/\/gedenkstaette-vaihingen.de\/familie-mikucki-drei-generationen-besuchen-gedenkstaette-um-antoni-mikucki-zu-gedenken\/\" data-type=\"post\" data-id=\"9327\" target=\"_blank\" rel=\"noopener\">hier<\/a> den gesamten Artikel.<\/p>\n<\/div>\n<\/div>\n\n<h3 class=\"wp-block-heading\">NEU: Die KZ-Gedenkst\u00e4tte bietet einen Newsletter an!<\/h3>\n\n<p class=\"wp-block-paragraph\">Die KZ-Gedenkst\u00e4tte Vaihingen\/Enz e.V. wird in unregelm\u00e4\u00dfigen Abst\u00e4nden ca. 2- bis 3-mal im Jahr die Versendung eines Newsletters anbieten. Dort werden wir z.B. auf anstehende Veranstaltungen hinweisen oder auf vergangene Ereignisse zur\u00fcckblicken. Gehen Sie zur Anmeldung hier auf dieser Seite im oberen dunkelgrauen Kasten auf den \u201eKontakt\u201c-Reiter. Im dortigen Dropdown erscheint \u201eNewsletter\u201c ganz unten. Der gleiche Link befindet sich auch hier ganz unten im wei\u00dfen Abschlussblock. Wenn Sie anklicken, erscheint das Eingabefeld, um sich mit der E-Mail-Adresse anzumelden. Nach der Best\u00e4tigung der Antwortmail ist man auf der Verteilerliste f\u00fcr den Newsletter eingetragen. <strong>Achtung:<\/strong> Die automatisch versendete Antwortmail landet h\u00e4ufig im Spam-Ordner!<br\/>Man kann den Newsletter jederzeit abbestellen. Wir freuen uns auf m\u00f6glichst viele Anmeldungen.<\/p>\n\n<div class=\"wp-block-columns is-layout-flex wp-container-core-columns-is-layout-7387b849 wp-block-columns-is-layout-flex\">\n<div class=\"wp-block-column is-layout-flow wp-block-column-is-layout-flow\">\n<p class=\"wp-block-paragraph\"><br\/><br\/><br\/><\/p>\n<\/div>\n<\/div>\n\n<p class=\"wp-block-paragraph\">zuletzt aktualisiert <strong>am 01.09.2026<\/strong> im Mitarbeiterbereich<\/p>\n\n<div class=\"wp-block-group alignwide is-layout-flow wp-block-group-is-layout-flow\">\n<h3 class=\"wp-block-heading\">Aktuelles<\/h3>\n<\/div>\n\n<div class=\"wp-block-query alignwide is-layout-flow wp-block-query-is-layout-flow\">\n\n<div class=\"wp-block-query-no-results\">\n\n<p class=\"wp-block-paragraph\"><\/p>\n\n<\/div><\/div>\n\n<div class=\"wp-block-buttons alignwide is-layout-flex wp-block-buttons-is-layout-flex\">\n<div class=\"wp-block-button\"><a class=\"wp-block-button__link wp-element-button\" href=\"https:\/\/gedenkstaette-vaihingen.de\/aktuelles\/\">Alle Beitr\u00e4ge<\/a><\/div>\n<\/div>\n\n<div class=\"wp-block-cover alignfull\" style=\"min-height:575px;aspect-ratio:unset;\"><img loading=\"lazy\" decoding=\"async\" width=\"1160\" height=\"420\" class=\"wp-block-cover__image-background wp-image-2802\" alt=\"\" src=\"https:\/\/gedenkstaette-vaihingen.de\/wp-content\/uploads\/2022\/05\/1.jpg\" data-object-fit=\"cover\" srcset=\"https:\/\/gedenkstaette-vaihingen.de\/wp-content\/uploads\/2022\/05\/1.jpg 1160w, https:\/\/gedenkstaette-vaihingen.de\/wp-content\/uploads\/2022\/05\/1-480x174.jpg 480w, https:\/\/gedenkstaette-vaihingen.de\/wp-content\/uploads\/2022\/05\/1-768x278.jpg 768w\" sizes=\"auto, (max-width: 1160px) 100vw, 1160px\" \/><span aria-hidden=\"true\" class=\"wp-block-cover__background has-black-background-color has-background-dim-20 has-background-dim\"><\/span><div class=\"wp-block-cover__inner-container is-layout-flow wp-block-cover-is-layout-flow\">\n<p class=\"has-text-align-center has-white-color has-text-color has-large-font-size wp-block-paragraph\"><mark style=\"background-color:rgba(0, 0, 0, 0)\" class=\"has-inline-color has-white-color\">Bei Fragen k\u00f6nnen Sie<br\/>sich bei uns melden<\/mark><\/p>\n\n\n\n<div class=\"wp-block-buttons is-horizontal is-content-justification-center is-layout-flex wp-container-core-buttons-is-layout-cbcdc57d wp-block-buttons-is-layout-flex\">\n<div class=\"wp-block-button is-style-fill\"><a class=\"wp-block-button__link wp-element-button\" href=\"https:\/\/gedenkstaette-vaihingen.de\/kontakt\/\">Fragen?<\/a><\/div>\n<\/div>\n<\/div><\/div>\n\n<div class=\"wp-block-media-text alignwide has-media-on-the-right is-stacked-on-mobile is-image-fill-element\"><div class=\"wp-block-media-text__content\">\n<h3 class=\"wp-block-heading\">Die <strong>KZ-Gedenkst\u00e4tte Vaihingen\/Enz e.V.<\/strong><\/h3>\n\n\n\n<p class=\"has-large-font-size wp-block-paragraph\">hat es sich zur Aufgabe gemacht, die Opfer zu ehren, gegen Vorurteile, Ignoranz, Radikalismus und Fanatismus zu arbeiten und die Kontakte zu \u00dcberlebenden und ihren Nachkommen aufrecht zu erhalten.<\/p>\n\n\n\n<p class=\"has-large-font-size wp-block-paragraph\">In Gedenkfeiern und durch weitere Aktivit\u00e4ten versucht sie, die Ereignisse im Glattbachtal im Bewusstsein der \u00d6ffentlichkeit zu halten. Mit dieser Internetpr\u00e4senz informiert sie \u00fcber die Geschehnisse und leistet somit einen wichtigen Beitrag zur Aufarbeitung der Regionalgeschichte im Landkreis Ludwigsburg.<\/p>\n<\/div><figure class=\"wp-block-media-text__media\"><img loading=\"lazy\" decoding=\"async\" width=\"600\" height=\"400\" src=\"https:\/\/gedenkstaette-vaihingen.de\/wp-content\/uploads\/2022\/08\/Angebote2_Medieninstallation_LKZ_27.01.05-2.jpg\" alt=\"\" class=\"wp-image-4193 size-full\" style=\"object-position:50% 50%\" srcset=\"https:\/\/gedenkstaette-vaihingen.de\/wp-content\/uploads\/2022\/08\/Angebote2_Medieninstallation_LKZ_27.01.05-2.jpg 600w, https:\/\/gedenkstaette-vaihingen.de\/wp-content\/uploads\/2022\/08\/Angebote2_Medieninstallation_LKZ_27.01.05-2-480x320.jpg 480w\" sizes=\"auto, (max-width: 600px) 100vw, 600px\" \/><\/figure><\/div>\n\n<div class=\"wp-block-media-text alignwide is-stacked-on-mobile is-image-fill-element\"><figure class=\"wp-block-media-text__media\"><img loading=\"lazy\" decoding=\"async\" width=\"1200\" height=\"864\" src=\"https:\/\/gedenkstaette-vaihingen.de\/wp-content\/uploads\/2022\/05\/77-1200x864.jpg\" alt=\"\" class=\"wp-image-2878 size-full\" style=\"object-position:50% 50%\" srcset=\"https:\/\/gedenkstaette-vaihingen.de\/wp-content\/uploads\/2022\/05\/77-1200x864.jpg 1200w, https:\/\/gedenkstaette-vaihingen.de\/wp-content\/uploads\/2022\/05\/77-480x346.jpg 480w, https:\/\/gedenkstaette-vaihingen.de\/wp-content\/uploads\/2022\/05\/77-768x553.jpg 768w, https:\/\/gedenkstaette-vaihingen.de\/wp-content\/uploads\/2022\/05\/77-1536x1106.jpg 1536w, https:\/\/gedenkstaette-vaihingen.de\/wp-content\/uploads\/2022\/05\/77-2048x1475.jpg 2048w, https:\/\/gedenkstaette-vaihingen.de\/wp-content\/uploads\/2022\/05\/77-1777x1280.jpg 1777w\" sizes=\"auto, (max-width: 1200px) 100vw, 1200px\" \/><\/figure><div class=\"wp-block-media-text__content\">\n<h3 class=\"wp-block-heading\">Im <strong>Konzentrationslager Vaihingen\/Enz<\/strong><\/h3>\n\n\n\n<p class=\"has-large-font-size wp-block-paragraph\">wurden zwischen August 1944 und April 1945 etwa 1700 Menschen durch unmenschliche, erniedrigende und schreckliche Arbeits- und Lebensbedingungen Opfer des nationalsozialistischen Terrorregimes.<\/p>\n\n\n\n<p class=\"has-large-font-size wp-block-paragraph\">Zun\u00e4chst als Arbeits-, dann als Krankenlager organisatorisch dem Konzentrationslagers Natzweiler im Elsass unterstellt wurden dort etwa 5000 H\u00e4ftlinge aus \u00fcber 20 Nationen ganz Europas inhaftiert und der \u201eVernichtung durch Arbeit\u201c ausgesetzt bzw. ihren schwersten Krankheiten und der mangelhaften Hygiene und v\u00f6llig unzureichenden Versorgung \u00fcberlassen.<\/p>\n<\/div><\/div>\n","protected":false},"excerpt":{"rendered":"<p>Herzlich willkommen auf der Website der KZ-Gedenkst\u00e4tte Vaihingen\/Enz! Familie Mikucki \u2013 drei Generationen besuchen Gedenkst\u00e4tte, um Antoni Mikucki zu gedenken Zu einem Familientreffen der besonderen Art kam es am vorletzten Augustwochenende, als sich Familienmitglieder der&hellip;<\/p>\n","protected":false},"author":1,"featured_media":3421,"parent":0,"menu_order":0,"comment_status":"closed","ping_status":"closed","template":"template-hero.php","meta":{"_acf_changed":false,"footnotes":""},"class_list":["post-5306","page","type-page","status-publish","has-post-thumbnail","hentry"],"acf":[],"_links":{"self":[{"href":"https:\/\/gedenkstaette-vaihingen.de\/fr\/wp-json\/wp\/v2\/pages\/5306","targetHints":{"allow":["GET"]}}],"collection":[{"href":"https:\/\/gedenkstaette-vaihingen.de\/fr\/wp-json\/wp\/v2\/pages"}],"about":[{"href":"https:\/\/gedenkstaette-vaihingen.de\/fr\/wp-json\/wp\/v2\/types\/page"}],"author":[{"embeddable":true,"href":"https:\/\/gedenkstaette-vaihingen.de\/fr\/wp-json\/wp\/v2\/users\/1"}],"replies":[{"embeddable":true,"href":"https:\/\/gedenkstaette-vaihingen.de\/fr\/wp-json\/wp\/v2\/comments?post=5306"}],"version-history":[{"count":474,"href":"https:\/\/gedenkstaette-vaihingen.de\/fr\/wp-json\/wp\/v2\/pages\/5306\/revisions"}],"predecessor-version":[{"id":9347,"href":"https:\/\/gedenkstaette-vaihingen.de\/fr\/wp-json\/wp\/v2\/pages\/5306\/revisions\/9347"}],"wp:featuredmedia":[{"embeddable":true,"href":"https:\/\/gedenkstaette-vaihingen.de\/fr\/wp-json\/wp\/v2\/media\/3421"}],"wp:attachment":[{"href":"https:\/\/gedenkstaette-vaihingen.de\/fr\/wp-json\/wp\/v2\/media?parent=5306"}],"curies":[{"name":"wp","href":"https:\/\/api.w.org\/{rel}","templated":true}]}}

KZ-Gedenkstätte Vaihingen/Enz

<div class="wp-block-group is-content-justification-right is-nowrap is-layout-flex wp-container-core-group-is-layout-f726d978 wp-block-group-is-layout-flex">
<figure class="wp-block-image size-full is-resized"><img loading="lazy" decoding="async" width="652" height="586" src="https://gedenkstaette-vaihingen.de/wp-content/uploads/2024/05/Logo_KZ_Gedenkstaette.png" alt="" class="wp-image-6605" style="width:auto;height:125px" srcset="https://gedenkstaette-vaihingen.de/wp-content/uploads/2024/05/Logo_KZ_Gedenkstaette.png 652w, https://gedenkstaette-vaihingen.de/wp-content/uploads/2024/05/Logo_KZ_Gedenkstaette-480x431.png 480w" sizes="auto, (max-width: 652px) 100vw, 652px" /></figure>



<figure class="wp-block-image alignright size-full is-resized"><img loading="lazy" decoding="async" width="129" height="117" src="https://gedenkstaette-vaihingen.de/wp-content/uploads/2022/05/cropped-logo.jpg" alt="" class="wp-image-2643" style="width:138px;height:125px"/></figure>
</div>

<h2 class="wp-block-heading">Herzlich willkommen auf der Website der KZ-Gedenkstätte Vaihingen/Enz!<br/><br/></h2>

<h3 class="wp-block-heading">Familie Mikucki – drei Generationen besuchen Gedenkstätte, um Antoni Mikucki zu gedenken<br/></h3>

<p class="wp-block-paragraph">Zu einem Familientreffen der besonderen Art kam es am vorletzten Augustwochenende, als sich Familienmitglieder der Familie Mikucki aus drei Ländern und drei Generationen trafen, einzig um ihrem verstorbenen Familienangehörigen Antoni Mikucki auf dem KZ-Ehrenfriedhof zu gedenken und insbesondere den jüngsten Mitgliedern, seinen Urenkelinnen, sein trauriges Schicksal vor Augen zu führen. Im Einzelnen reisten Antonis Sohn Roman, dessen Söhne Maciej und Marcin sowie deren Töchter Barbara, Julia, Karolina and Natalia aus England, den Niederlanden und Polen an.</p>

<div class="wp-block-columns is-layout-flex wp-container-core-columns-is-layout-7387b849 wp-block-columns-is-layout-flex">
<div class="wp-block-column is-layout-flow wp-block-column-is-layout-flow" style="flex-basis:33.33%">
<figure class="wp-block-image size-full"><img loading="lazy" decoding="async" width="472" height="614" src="https://gedenkstaette-vaihingen.de/wp-content/uploads/2026/08/5.jpg" alt="" class="wp-image-9315" srcset="https://gedenkstaette-vaihingen.de/wp-content/uploads/2026/08/5.jpg 472w, https://gedenkstaette-vaihingen.de/wp-content/uploads/2026/08/5-369x480.jpg 369w" sizes="auto, (max-width: 472px) 100vw, 472px" /><figcaption class="wp-element-caption">Antoni Mikucki (*1915 in Iwieniec-†27.2.1945 im KZ-Vaihingen/Enz)</figcaption></figure>
</div>



<div class="wp-block-column is-layout-flow wp-block-column-is-layout-flow" style="flex-basis:66.66%">
<p class="wp-block-paragraph">Antoni Mikucki wurde am 22. September 1915 in Iwieniec, heute in Weißrussland gelegen, geboren. Er stammte aus einer Mittelklassefamilie und hatte zwei Schwestern. Von Beruf war er Schreiner und in den 1930er Jahren zog seine Familie nach Warschau. Nach seinem Wehrdienst zwischen 1936 und 1938 heiratete er am 26. Dezember 1941 seine Frau Wanda. Das Paar bekam zwei Söhne – Tomasz (*1941) und Roman (*1944). Er ging in den Widerstand gegen die Nazi-Besatzer und kämpfte im Warschauer Aufstand gegen sie. Am 8. August 1944 wurde er festgenommen und kam über die KZ-Lager Auschwitz, Natzweiler (Häftlingsnummer 32607) und Dautmergen am 20. November 1944 ins Lager nach Vaihingen/Enz. Dort starb er am 27. Februar 1945 etwa 40 Tage vor der Befreiung des Lagers, wahrscheinlich an Typhus. Er wurde nicht einmal 30 Jahre alt.<br/><br/>Bei der Begrüßung und der Erklärung der Geschehnisse im Glattbachtal zwischen August 1944 und April 1945 konnten viele Informationen weitergegeben werden, so dass die jüngeren Generationen die Umstände von Antonis Lebensende jetzt besser nachvollziehen können.<br/><br/>Lesen Sie <a href="https://gedenkstaette-vaihingen.de/familie-mikucki-drei-generationen-besuchen-gedenkstaette-um-antoni-mikucki-zu-gedenken/" data-type="post" data-id="9327" target="_blank" rel="noopener">hier</a> den gesamten Artikel.</p>
</div>
</div>

<h3 class="wp-block-heading">NEU: Die KZ-Gedenkstätte bietet einen Newsletter an!</h3>

<p class="wp-block-paragraph">Die KZ-Gedenkstätte Vaihingen/Enz e.V. wird in unregelmäßigen Abständen ca. 2- bis 3-mal im Jahr die Versendung eines Newsletters anbieten. Dort werden wir z.B. auf anstehende Veranstaltungen hinweisen oder auf vergangene Ereignisse zurückblicken. Gehen Sie zur Anmeldung hier auf dieser Seite im oberen dunkelgrauen Kasten auf den „Kontakt“-Reiter. Im dortigen Dropdown erscheint „Newsletter“ ganz unten. Der gleiche Link befindet sich auch hier ganz unten im weißen Abschlussblock. Wenn Sie anklicken, erscheint das Eingabefeld, um sich mit der E-Mail-Adresse anzumelden. Nach der Bestätigung der Antwortmail ist man auf der Verteilerliste für den Newsletter eingetragen. <strong>Achtung:</strong> Die automatisch versendete Antwortmail landet häufig im Spam-Ordner!<br/>Man kann den Newsletter jederzeit abbestellen. Wir freuen uns auf möglichst viele Anmeldungen.</p>

<div class="wp-block-columns is-layout-flex wp-container-core-columns-is-layout-7387b849 wp-block-columns-is-layout-flex">
<div class="wp-block-column is-layout-flow wp-block-column-is-layout-flow">
<p class="wp-block-paragraph"><br/><br/><br/></p>
</div>
</div>

<p class="wp-block-paragraph">zuletzt aktualisiert <strong>am 01.09.2026</strong> im Mitarbeiterbereich</p>

<div class="wp-block-group alignwide is-layout-flow wp-block-group-is-layout-flow">
<h3 class="wp-block-heading">Aktuelles</h3>
</div>

<div class="wp-block-query alignwide is-layout-flow wp-block-query-is-layout-flow">

<div class="wp-block-query-no-results">

<p class="wp-block-paragraph"></p>

</div></div>

<div class="wp-block-buttons alignwide is-layout-flex wp-block-buttons-is-layout-flex">
<div class="wp-block-button"><a class="wp-block-button__link wp-element-button" href="https://gedenkstaette-vaihingen.de/aktuelles/">Alle Beiträge</a></div>
</div>

<div class="wp-block-cover alignfull" style="min-height:575px;aspect-ratio:unset;"><img loading="lazy" decoding="async" width="1160" height="420" class="wp-block-cover__image-background wp-image-2802" alt="" src="https://gedenkstaette-vaihingen.de/wp-content/uploads/2022/05/1.jpg" data-object-fit="cover" srcset="https://gedenkstaette-vaihingen.de/wp-content/uploads/2022/05/1.jpg 1160w, https://gedenkstaette-vaihingen.de/wp-content/uploads/2022/05/1-480x174.jpg 480w, https://gedenkstaette-vaihingen.de/wp-content/uploads/2022/05/1-768x278.jpg 768w" sizes="auto, (max-width: 1160px) 100vw, 1160px" /><span aria-hidden="true" class="wp-block-cover__background has-black-background-color has-background-dim-20 has-background-dim"></span><div class="wp-block-cover__inner-container is-layout-flow wp-block-cover-is-layout-flow">
<p class="has-text-align-center has-white-color has-text-color has-large-font-size wp-block-paragraph"><mark style="background-color:rgba(0, 0, 0, 0)" class="has-inline-color has-white-color">Bei Fragen können Sie<br/>sich bei uns melden</mark></p>



<div class="wp-block-buttons is-horizontal is-content-justification-center is-layout-flex wp-container-core-buttons-is-layout-cbcdc57d wp-block-buttons-is-layout-flex">
<div class="wp-block-button is-style-fill"><a class="wp-block-button__link wp-element-button" href="https://gedenkstaette-vaihingen.de/kontakt/">Fragen?</a></div>
</div>
</div></div>

<div class="wp-block-media-text alignwide has-media-on-the-right is-stacked-on-mobile is-image-fill-element"><div class="wp-block-media-text__content">
<h3 class="wp-block-heading">Die <strong>KZ-Gedenkstätte Vaihingen/Enz e.V.</strong></h3>



<p class="has-large-font-size wp-block-paragraph">hat es sich zur Aufgabe gemacht, die Opfer zu ehren, gegen Vorurteile, Ignoranz, Radikalismus und Fanatismus zu arbeiten und die Kontakte zu Überlebenden und ihren Nachkommen aufrecht zu erhalten.</p>



<p class="has-large-font-size wp-block-paragraph">In Gedenkfeiern und durch weitere Aktivitäten versucht sie, die Ereignisse im Glattbachtal im Bewusstsein der Öffentlichkeit zu halten. Mit dieser Internetpräsenz informiert sie über die Geschehnisse und leistet somit einen wichtigen Beitrag zur Aufarbeitung der Regionalgeschichte im Landkreis Ludwigsburg.</p>
</div><figure class="wp-block-media-text__media"><img loading="lazy" decoding="async" width="600" height="400" src="https://gedenkstaette-vaihingen.de/wp-content/uploads/2022/08/Angebote2_Medieninstallation_LKZ_27.01.05-2.jpg" alt="" class="wp-image-4193 size-full" style="object-position:50% 50%" srcset="https://gedenkstaette-vaihingen.de/wp-content/uploads/2022/08/Angebote2_Medieninstallation_LKZ_27.01.05-2.jpg 600w, https://gedenkstaette-vaihingen.de/wp-content/uploads/2022/08/Angebote2_Medieninstallation_LKZ_27.01.05-2-480x320.jpg 480w" sizes="auto, (max-width: 600px) 100vw, 600px" /></figure></div>

<div class="wp-block-media-text alignwide is-stacked-on-mobile is-image-fill-element"><figure class="wp-block-media-text__media"><img loading="lazy" decoding="async" width="1200" height="864" src="https://gedenkstaette-vaihingen.de/wp-content/uploads/2022/05/77-1200x864.jpg" alt="" class="wp-image-2878 size-full" style="object-position:50% 50%" srcset="https://gedenkstaette-vaihingen.de/wp-content/uploads/2022/05/77-1200x864.jpg 1200w, https://gedenkstaette-vaihingen.de/wp-content/uploads/2022/05/77-480x346.jpg 480w, https://gedenkstaette-vaihingen.de/wp-content/uploads/2022/05/77-768x553.jpg 768w, https://gedenkstaette-vaihingen.de/wp-content/uploads/2022/05/77-1536x1106.jpg 1536w, https://gedenkstaette-vaihingen.de/wp-content/uploads/2022/05/77-2048x1475.jpg 2048w, https://gedenkstaette-vaihingen.de/wp-content/uploads/2022/05/77-1777x1280.jpg 1777w" sizes="auto, (max-width: 1200px) 100vw, 1200px" /></figure><div class="wp-block-media-text__content">
<h3 class="wp-block-heading">Im <strong>Konzentrationslager Vaihingen/Enz</strong></h3>



<p class="has-large-font-size wp-block-paragraph">wurden zwischen August 1944 und April 1945 etwa 1700 Menschen durch unmenschliche, erniedrigende und schreckliche Arbeits- und Lebensbedingungen Opfer des nationalsozialistischen Terrorregimes.</p>



<p class="has-large-font-size wp-block-paragraph">Zunächst als Arbeits-, dann als Krankenlager organisatorisch dem Konzentrationslagers Natzweiler im Elsass unterstellt wurden dort etwa 5000 Häftlinge aus über 20 Nationen ganz Europas inhaftiert und der „Vernichtung durch Arbeit“ ausgesetzt bzw. ihren schwersten Krankheiten und der mangelhaften Hygiene und völlig unzureichenden Versorgung überlassen.</p>
</div></div>

<p>Herzlich willkommen auf der Website der KZ-Gedenkstätte Vaihingen/Enz! Familie Mikucki – drei Generationen besuchen Gedenkstätte, um Antoni Mikucki zu gedenken Zu einem Familientreffen der besonderen Art kam es am vorletzten Augustwochenende, als sich Familienmitglieder der&hellip;</p>
